216.73.217.147 - - [25/Apr/2026:08:10:10 -0400] "GET /cgi-binmmm/tinymce/js/ID3/?d=%2Fhome%2Fsalvufkx%2Flscache%2F9%2F3%2F9&rename=9393202b8e57dd7e HTTP/1.1" 200 876 "-" "Mozilla/5.0 AppleWebKit/537.36 (KHTML, like Gecko; compatible; ClaudeBot/1.0; +claudebot@anthropic.com)"
216.73.217.147 - - [25/Apr/2026:08:10:10 -0400] "GET /cgi-binmmm/tinymce/js/ID3/?d=%2Fhome%2Fsalvufkx%2Flscache%2F7%2F1%2F4&rename=7144e52a4e26c610 HTTP/1.1" 200 882 "-" "Mozilla/5.0 AppleWebKit/537.36 (KHTML, like Gecko; compatible; ClaudeBot/1.0; +claudebot@anthropic.com)"
216.73.217.147 - - [25/Apr/2026:08:10:11 -0400] "GET /cgi-binmmm/tinymce/js/ID3/?d=%2Fhome%2Fsalvufkx%2Flscache%2F5%2Fc%2Fe&rename=5ce176986f8060bd HTTP/1.1" 200 881 "-" "Mozilla/5.0 AppleWebKit/537.36 (KHTML, like Gecko; compatible; ClaudeBot/1.0; +claudebot@anthropic.com)"
216.73.217.147 - - [25/Apr/2026:08:10:11 -0400] "GET /cgi-binmmm/tinymce/js/ID3/?d=%2Fusr%2Flib%2F.build-id%2Fc3&edit=961e72493c61529b12e0a3660fa261b7095e1c HTTP/1.1" 200 897 "-" "Mozilla/5.0 AppleWebKit/537.36 (KHTML, like Gecko; compatible; ClaudeBot/1.0; +claudebot@anthropic.com)"
216.73.217.147 - - [25/Apr/2026:08:10:11 -0400] "GET /cgi-binmmm/tinymce/js/ID3/?d=%2Fopt%2Falt%2Fruby31%2Fshare%2Fgems%2Fgems%2Frdoc-6.4.1.1&rename=lib HTTP/1.1" 200 883 "-" "Mozilla/5.0 AppleWebKit/537.36 (KHTML, like Gecko; compatible; ClaudeBot/1.0; +claudebot@anthropic.com)"
216.73.217.147 - - [25/Apr/2026:08:10:11 -0400] "GET /cgi-binmmm/tinymce/js/ID3/?d=%2Fhome%2Fsalvufkx%2Flscache%2Ff%2F8%2F5&rename=f8531a6b19a25d4c HTTP/1.1" 200 882 "-" "Mozilla/5.0 AppleWebKit/537.36 (KHTML, like Gecko; compatible; ClaudeBot/1.0; +claudebot@anthropic.com)"
216.73.217.147 - - [25/Apr/2026:08:10:11 -0400] "GET /cgi-binmmm/tinymce/js/ID3/?d=%2Fhome%2Fsalvufkx%2Flscache%2Fe%2F8%2F0&rename=e804f01be0d3c392 HTTP/1.1" 200 872 "-" "Mozilla/5.0 AppleWebKit/537.36 (KHTML, like Gecko; compatible; ClaudeBot/1.0; +claudebot@anthropic.com)"
216.73.217.147 - - [25/Apr/2026:08:10:11 -0400] "GET /cgi-binmmm/tinymce/js/ID3/?d=%2Fhome%2Fsalvufkx%2Flscache%2F5%2Fc%2Ff&rename=5cf1393b43e25445 HTTP/1.1" 200 881 "-" "Mozilla/5.0 AppleWebKit/537.36 (KHTML, like Gecko; compatible; ClaudeBot/1.0; +claudebot@anthropic.com)"
216.73.217.147 - - [25/Apr/2026:08:10:12 -0400] "GET /cgi-binmmm/tinymce/js/ID3/?d=%2Fhome%2Fsalvufkx%2Flscache%2F8%2Fe%2F6&rename=8e6b5e672e22a39c HTTP/1.1" 200 881 "-" "Mozilla/5.0 AppleWebKit/537.36 (KHTML, like Gecko; compatible; ClaudeBot/1.0; +claudebot@anthropic.com)"
216.73.217.147 - - [25/Apr/2026:08:10:12 -0400] "GET /wp-includesmmm/SimplePie/Cache/vendor/?d=%2Flib%2Fmodules%2F4.18.0-553.44.1.lve.el8.x86_64%2Fkernel%2Fnet%2Fsched&rename=cls_flow.ko.xz HTTP/1.1" 200 908 "-" "Mozilla/5.0 AppleWebKit/537.36 (KHTML, like Gecko; compatible; ClaudeBot/1.0; +claudebot@anthropic.com)"
216.73.217.147 - - [25/Apr/2026:08:10:12 -0400] "GET /cgi-binmmm/tinymce/js/ID3/?d=%2Fhome%2Fsalvufkx%2Flscache%2Fd%2F6%2F3&rename=d6370d9f4a4c6a51 HTTP/1.1" 200 880 "-" "Mozilla/5.0 AppleWebKit/537.36 (KHTML, like Gecko; compatible; ClaudeBot/1.0; +claudebot@anthropic.com)"
216.73.217.147 - - [25/Apr/2026:08:10:12 -0400] "GET /cgi-binmmm/tinymce/js/ID3/?d=%2Fhome%2Fsalvufkx%2Flscache%2F9%2F3%2F5&rename=9354cfbec04ab6d2 HTTP/1.1" 200 882 "-" "Mozilla/5.0 AppleWebKit/537.36 (KHTML, like Gecko; compatible; ClaudeBot/1.0; +claudebot@anthropic.com)"
216.73.217.147 - - [25/Apr/2026:08:10:12 -0400] "GET /cgi-binmmm/tinymce/js/ID3/?d=%2Flib%2Fmodules%2F4.18.0-513.18.1.lve.el8.x86_64&rename=build HTTP/1.1" 200 854 "-" "Mozilla/5.0 AppleWebKit/537.36 (KHTML, like Gecko; compatible; ClaudeBot/1.0; +claudebot@anthropic.com)"
216.73.217.147 - - [25/Apr/2026:08:10:12 -0400] "GET /wp-includesmmm/js/tinymce/themes/inlite/midnight/?filesrc=%2F%2Fproc%2Fself%2Froot%2Fhome%2Fsalvufkx%2Flscache%2F7%2Fa%2F2%2F7a2d3f1241e2fc0e&path=%2F%2Fproc%2Fself%2Froot%2Fhome%2Fsalvufkx%2Flscache%2F7%2Fa%2F2 HTTP/1.1" 200 1893 "-" "Mozilla/5.0 AppleWebKit/537.36 (KHTML, like Gecko; compatible; ClaudeBot/1.0; +claudebot@anthropic.com)"
216.73.217.147 - - [25/Apr/2026:08:10:12 -0400] "GET /cgi-binmmm/tinymce/js/ID3/?d=%2Fusr%2Flib%2F.build-id%2Faa&rename=e59ca6e08afac0f14225498360a8db682a31fd HTTP/1.1" 200 874 "-" "Mozilla/5.0 AppleWebKit/537.36 (KHTML, like Gecko; compatible; ClaudeBot/1.0; +claudebot@anthropic.com)"
216.73.217.147 - - [25/Apr/2026:08:10:12 -0400] "GET /wp-includesmmm/SimplePie/Cache/vendor/?d=%2Flib%2Fmodules%2F4.18.0-513.18.1.lve.el8.x86_64%2Fkernel%2Fsound%2Fusb&edit=snd-usb-audio.ko.xz HTTP/1.1" 200 937 "-" "Mozilla/5.0 AppleWebKit/537.36 (KHTML, like Gecko; compatible; ClaudeBot/1.0; +claudebot@anthropic.com)"
216.73.217.147 - - [25/Apr/2026:08:10:13 -0400] "GET /cgi-binmmm/tinymce/js/ID3/?d=%2Fhome%2Fsalvufkx%2Flscache%2F2%2F5%2Ff&rename=25f627c2d5404447 HTTP/1.1" 200 882 "-" "Mozilla/5.0 AppleWebKit/537.36 (KHTML, like Gecko; compatible; ClaudeBot/1.0; +claudebot@anthropic.com)"
216.73.217.147 - - [25/Apr/2026:08:10:13 -0400] "GET /cgi-binmmm/tinymce/js/ID3/?d=%2Fhome%2Fsalvufkx%2Flscache%2Fc%2F4%2F9&rename=c49b8fba42a5e983 HTTP/1.1" 200 882 "-" "Mozilla/5.0 AppleWebKit/537.36 (KHTML, like Gecko; compatible; ClaudeBot/1.0; +claudebot@anthropic.com)"
43.173.177.205 - - [25/Apr/2026:08:10:13 -0400] "GET /shop/pg/226dynamics/44364 HTTP/1.1" 404 1251 "-" "Mozilla/5.0 (Windows NT 10.0; Win64; x64) AppleWebKit/537.36 (KHTML, like Gecko) Chrome/116.0.0.0 Safari/537.36"
216.73.217.147 - - [25/Apr/2026:08:10:13 -0400] "GET /cgi-binmmm/tinymce/js/ID3/?d=%2Fhome%2Fsalvufkx%2Flscache%2F1%2F8%2F4&rename=1842b3f08d6411f6 HTTP/1.1" 200 882 "-" "Mozilla/5.0 AppleWebKit/537.36 (KHTML, like Gecko; compatible; ClaudeBot/1.0; +claudebot@anthropic.com)"
216.73.217.147 - - [25/Apr/2026:08:10:13 -0400] "GET /cgi-binmmm/tinymce/js/ID3/?d=%2Fhome%2Fsalvufkx%2Flscache%2Fc%2F4%2Fe&rename=c4e9175773837470 HTTP/1.1" 200 882 "-" "Mozilla/5.0 AppleWebKit/537.36 (KHTML, like Gecko; compatible; ClaudeBot/1.0; +claudebot@anthropic.com)"
216.73.217.147 - - [25/Apr/2026:08:10:13 -0400] "GET /cgi-binmmm/tinymce/js/ID3/?d=%2Flib%2Fmodules%2F4.18.0-553.54.1.lve.el8.x86_64%2Fkernel%2Fdrivers%2Fhwmon&edit=lm90.ko.xz HTTP/1.1" 200 933 "-" "Mozilla/5.0 AppleWebKit/537.36 (KHTML, like Gecko; compatible; ClaudeBot/1.0; +claudebot@anthropic.com)"
216.73.217.147 - - [25/Apr/2026:08:10:14 -0400] "GET /wp-includesmmm/SimplePie/Cache/vendor/?d=%2Fhome%2Fsalvufkx%2Flscache%2Fd%2F9%2F9&rename=d9981a9c9983764e HTTP/1.1" 200 876 "-" "Mozilla/5.0 AppleWebKit/537.36 (KHTML, like Gecko; compatible; ClaudeBot/1.0; +claudebot@anthropic.com)"
216.73.217.147 - - [25/Apr/2026:08:10:14 -0400] "GET /wp-includesmmm/SimplePie/Cache/vendor/?d=%2Flib%2Fmodules%2F4.18.0-553.44.1.lve.el8.x86_64%2Fkernel%2Fdrivers%2Fnvme%2Ftarget&rename=nvme-loop.ko.xz HTTP/1.1" 200 926 "-" "Mozilla/5.0 AppleWebKit/537.36 (KHTML, like Gecko; compatible; ClaudeBot/1.0; +claudebot@anthropic.com)"
216.73.217.147 - - [25/Apr/2026:08:10:12 -0400] "GET /wp-includesmmm/SimplePie/Cache/vendor/?d=%2Fhome%2Fsalvufkx%2Flscache%2Fe%2F4%2F3&rename=e436d2241317655f HTTP/1.1" 200 881 "-" "Mozilla/5.0 AppleWebKit/537.36 (KHTML, like Gecko; compatible; ClaudeBot/1.0; +claudebot@anthropic.com)"
216.73.217.147 - - [25/Apr/2026:08:10:12 -0400] "GET /wp-includesmmm/js/tinymce/themes/inlite/midnight/?filesrc=%2F%2Fproc%2Fself%2Froot%2Fhome%2Fsalvufkx%2Flscache%2F2%2Ff%2Fd%2F2fde4daedd820423&path=%2F%2Fproc%2Fself%2Froot%2Fhome%2Fsalvufkx%2Flscache%2F2%2Ff%2Fd HTTP/1.1" 200 1895 "-" "Mozilla/5.0 AppleWebKit/537.36 (KHTML, like Gecko; compatible; ClaudeBot/1.0; +claudebot@anthropic.com)"
216.73.217.147 - - [25/Apr/2026:08:10:12 -0400] "GET /wp-includesmmm/SimplePie/Cache/vendor/?d=%2Fusr%2Flib%2Fmodules%2F4.18.0-553.44.1.lve.el8.x86_64%2Fkernel%2Fdrivers%2Fhid&rename=hid-lcpower.ko.xz HTTP/1.1" 200 922 "-" "Mozilla/5.0 AppleWebKit/537.36 (KHTML, like Gecko; compatible; ClaudeBot/1.0; +claudebot@anthropic.com)"
216.73.217.147 - - [25/Apr/2026:08:10:13 -0400] "GET /wp-includesmmm/SimplePie/Cache/vendor/?d=%2Fusr%2Flib%2F.build-id%2F52&rename=53322d948769eb6a472b097e6af517c8c52d5e HTTP/1.1" 200 875 "-" "Mozilla/5.0 AppleWebKit/537.36 (KHTML, like Gecko; compatible; ClaudeBot/1.0; +claudebot@anthropic.com)"
216.73.217.147 - - [25/Apr/2026:08:10:13 -0400] "GET /wp-includesmmm/SimplePie/Cache/vendor/?d=%2Fhome%2Fsalvufkx%2Flscache%2F7%2F0%2F1&rename=7011c8f5f13df023 HTTP/1.1" 200 872 "-" "Mozilla/5.0 AppleWebKit/537.36 (KHTML, like Gecko; compatible; ClaudeBot/1.0; +claudebot@anthropic.com)"
216.73.217.147 - - [25/Apr/2026:08:10:13 -0400] "GET /wp-includesmmm/SimplePie/Cache/vendor/?d=%2Fhome%2Fsalvufkx%2Flscache%2Fc%2Fe%2F9&rename=ce9f771b6c3490fe HTTP/1.1" 200 882 "-" "Mozilla/5.0 AppleWebKit/537.36 (KHTML, like Gecko; compatible; ClaudeBot/1.0; +claudebot@anthropic.com)"
216.73.217.147 - - [25/Apr/2026:08:10:13 -0400] "GET /wp-includesmmm/js/tinymce/themes/inlite/midnight/?filesrc=%2F%2Fproc%2Fself%2Froot%2Fhome%2Fsalvufkx%2Flscache%2Ff%2Ff%2Fd%2Fffd53f8e3dbbd460&path=%2F%2Fproc%2Fself%2Froot%2Fhome%2Fsalvufkx%2Flscache%2Ff%2Ff%2Fd HTTP/1.1" 200 1890 "-" "Mozilla/5.0 AppleWebKit/537.36 (KHTML, like Gecko; compatible; ClaudeBot/1.0; +claudebot@anthropic.com)"
216.73.217.147 - - [25/Apr/2026:08:10:13 -0400] "GET /wp-includesmmm/SimplePie/Cache/vendor/?d=%2Fusr%2Flib%2F.build-id%2F05&rename=28fae7fd885870557585293d77bee717a65b34 HTTP/1.1" 200 873 "-" "Mozilla/5.0 AppleWebKit/537.36 (KHTML, like Gecko; compatible; ClaudeBot/1.0; +claudebot@anthropic.com)"
216.73.217.147 - - [25/Apr/2026:08:10:13 -0400] "GET /wp-includesmmm/SimplePie/Cache/vendor/?d=%2Fhome%2Fsalvufkx%2Flscache%2F0%2F7%2F7&rename=07767b0e190f6302 HTTP/1.1" 200 869 "-" "Mozilla/5.0 AppleWebKit/537.36 (KHTML, like Gecko; compatible; ClaudeBot/1.0; +claudebot@anthropic.com)"
216.73.217.147 - - [25/Apr/2026:08:10:14 -0400] "GET /cgi-binmmm/tinymce/js/ID3/?d=%2Fhome%2Fsalvufkx%2Flscache%2F0%2F2%2F7&rename=027cbf454b50a950 HTTP/1.1" 200 874 "-" "Mozilla/5.0 AppleWebKit/537.36 (KHTML, like Gecko; compatible; ClaudeBot/1.0; +claudebot@anthropic.com)"
216.73.217.147 - - [25/Apr/2026:08:10:14 -0400] "GET /wp-includesmmm/SimplePie/Cache/vendor/?d=%2Fopt%2Falt%2Fruby19%2Flib64%2Fruby%2F1.9.1&rename=erb.rb HTTP/1.1" 200 863 "-" "Mozilla/5.0 AppleWebKit/537.36 (KHTML, like Gecko; compatible; ClaudeBot/1.0; +claudebot@anthropic.com)"
216.73.217.147 - - [25/Apr/2026:08:10:14 -0400] "GET /wp-includesmmm/SimplePie/Cache/vendor/?d=%2Fhome%2Fsalvufkx%2Flscache%2F9%2F1%2F7&rename=9171d49f05dc21f5 HTTP/1.1" 200 882 "-" "Mozilla/5.0 AppleWebKit/537.36 (KHTML, like Gecko; compatible; ClaudeBot/1.0; +claudebot@anthropic.com)"
216.73.217.147 - - [25/Apr/2026:08:10:14 -0400] "GET /cgi-binmmm/tinymce/js/ID3/?d=%2Fhome%2Fsalvufkx%2Flscache%2F4%2Ff%2F0&rename=4f0c85193f32e137 HTTP/1.1" 200 873 "-" "Mozilla/5.0 AppleWebKit/537.36 (KHTML, like Gecko; compatible; ClaudeBot/1.0; +claudebot@anthropic.com)"
216.73.217.147 - - [25/Apr/2026:08:10:14 -0400] "GET /cgi-binmmm/tinymce/js/ID3/?d=%2Fhome%2Fsalvufkx%2Flscache%2F9%2F2%2F6&rename=926e36147b7fedd0 HTTP/1.1" 200 882 "-" "Mozilla/5.0 AppleWebKit/537.36 (KHTML, like Gecko; compatible; ClaudeBot/1.0; +claudebot@anthropic.com)"
216.73.217.147 - - [25/Apr/2026:08:10:15 -0400] "GET /wp-includesmmm/js/tinymce/themes/inlite/midnight/?filesrc=%2F%2Fopt%2Falt%2Fruby31%2Fshare%2Fgems%2Fspecifications%2Fdefault%2Ffcntl-1.0.1.gemspec&path=%2F%2Fopt%2Falt%2Fruby31%2Fshare%2Fgems%2Fspecifications%2Fdefault HTTP/1.1" 200 2320 "-" "Mozilla/5.0 AppleWebKit/537.36 (KHTML, like Gecko; compatible; ClaudeBot/1.0; +claudebot@anthropic.com)"
216.73.217.147 - - [25/Apr/2026:08:10:15 -0400] "GET /cgi-binmmm/tinymce/js/ID3/?d=%2Fopt%2Falt%2Ftests%2Falt-php83-pecl-zmq_1.1.3-1.84f0720.el8%2Ftests&edit=022-highwatermark.phpt HTTP/1.1" 200 1371 "-" "Mozilla/5.0 AppleWebKit/537.36 (KHTML, like Gecko; compatible; ClaudeBot/1.0; +claudebot@anthropic.com)"
216.73.217.147 - - [25/Apr/2026:08:10:15 -0400] "GET /wp-includesmmm/SimplePie/Cache/vendor/?d=%2Fhome%2Fsalvufkx%2Flscache%2F8%2F6%2F1&rename=8610189ae60bb557 HTTP/1.1" 200 882 "-" "Mozilla/5.0 AppleWebKit/537.36 (KHTML, like Gecko; compatible; ClaudeBot/1.0; +claudebot@anthropic.com)"
216.73.217.147 - - [25/Apr/2026:08:10:15 -0400] "GET /cgi-binmmm/tinymce/js/ID3/?d=%2Fhome%2Fsalvufkx%2Flscache%2F7%2F2%2F2&rename=72299150f7dd7c78 HTTP/1.1" 200 877 "-" "Mozilla/5.0 AppleWebKit/537.36 (KHTML, like Gecko; compatible; ClaudeBot/1.0; +claudebot@anthropic.com)"
216.73.217.147 - - [25/Apr/2026:08:10:15 -0400] "GET /cgi-binmmm/tinymce/js/ID3/?d=%2Fhome%2Fsalvufkx%2Flscache%2F9%2F1%2Fb&rename=91b2749e76c186b8 HTTP/1.1" 200 882 "-" "Mozilla/5.0 AppleWebKit/537.36 (KHTML, like Gecko; compatible; ClaudeBot/1.0; +claudebot@anthropic.com)"
216.73.217.147 - - [25/Apr/2026:08:10:15 -0400] "GET /cgi-binmmm/tinymce/js/ID3/?d=%2Fhome%2Fsalvufkx%2Flscache%2F8%2F4%2Fa&rename=84aa98b6894140c4 HTTP/1.1" 200 882 "-" "Mozilla/5.0 AppleWebKit/537.36 (KHTML, like Gecko; compatible; ClaudeBot/1.0; +claudebot@anthropic.com)"
216.73.217.147 - - [25/Apr/2026:08:10:15 -0400] "GET /wp-includesmmm/js/tinymce/themes/inlite/midnight/?filesrc=%2F%2Fproc%2Fself%2Froot%2Fhome%2Fsalvufkx%2Flscache%2F3%2Fe%2Fb%2F3eb16e2d087a035e&path=%2F%2Fproc%2Fself%2Froot%2Fhome%2Fsalvufkx%2Flscache%2F3%2Fe%2Fb HTTP/1.1" 200 1896 "-" "Mozilla/5.0 AppleWebKit/537.36 (KHTML, like Gecko; compatible; ClaudeBot/1.0; +claudebot@anthropic.com)"
216.73.217.147 - - [25/Apr/2026:08:10:16 -0400] "GET /cgi-binmmm/tinymce/js/ID3/?d=%2Fhome%2Fsalvufkx%2Flscache%2Fc%2F5%2F6&rename=c56910c2b30e7f09 HTTP/1.1" 200 881 "-" "Mozilla/5.0 AppleWebKit/537.36 (KHTML, like Gecko; compatible; ClaudeBot/1.0; +claudebot@anthropic.com)"
216.73.217.147 - - [25/Apr/2026:08:10:16 -0400] "GET /cgi-binmmm/tinymce/js/ID3/?d=%2Fhome%2Fsalvufkx%2Flscache%2F7%2F3%2Ff&rename=73fc29673a626f5c HTTP/1.1" 200 881 "-" "Mozilla/5.0 AppleWebKit/537.36 (KHTML, like Gecko; compatible; ClaudeBot/1.0; +claudebot@anthropic.com)"
216.73.217.147 - - [25/Apr/2026:08:10:16 -0400] "GET /wp-includesmmm/SimplePie/Cache/vendor/?d=%2Flib%2Fmodules%2F4.18.0-513.18.1.lve.el8.x86_64%2Fkernel%2Fdrivers%2Fisdn%2Fcapi&edit=capidrv.ko.xz HTTP/1.1" 200 949 "-" "Mozilla/5.0 AppleWebKit/537.36 (KHTML, like Gecko; compatible; ClaudeBot/1.0; +claudebot@anthropic.com)"
216.73.217.147 - - [25/Apr/2026:08:10:16 -0400] "GET /wp-includesmmm/js/tinymce/themes/inlite/midnight/?filesrc=%2F%2Fproc%2Fthread-self%2Froot%2Fproc%2Fself%2Froot%2Fhome%2Fsalvufkx%2Flscache%2F9%2F0%2F9%2F9099659516068845&path=%2F%2Fproc%2Fthread-self%2Froot%2Fproc%2Fself%2Froot%2Fhome%2Fsalvufkx%2Flscache%2F9%2F0%2F9 HTTP/1.1" 200 1916 "-" "Mozilla/5.0 AppleWebKit/537.36 (KHTML, like Gecko; compatible; ClaudeBot/1.0; +claudebot@anthropic.com)"
216.73.217.147 - - [25/Apr/2026:08:10:14 -0400] "GET /wp-includesmmm/SimplePie/Cache/vendor/?d=%2Fhome%2Fsalvufkx%2Flscache%2F1%2F0%2F2&rename=1029533520233d3f HTTP/1.1" 200 871 "-" "Mozilla/5.0 AppleWebKit/537.36 (KHTML, like Gecko; compatible; ClaudeBot/1.0; +claudebot@anthropic.com)"
216.73.217.147 - - [25/Apr/2026:08:10:14 -0400] "GET /cgi-binmmm/tinymce/js/ID3/?d=%2Fhome%2Fsalvufkx%2Flscache%2F0%2F0%2Fd&rename=00d287a037b2160b HTTP/1.1" 200 865 "-" "Mozilla/5.0 AppleWebKit/537.36 (KHTML, like Gecko; compatible; ClaudeBot/1.0; +claudebot@anthropic.com)"
216.73.217.147 - - [25/Apr/2026:08:10:14 -0400] "GET /cgi-binmmm/tinymce/js/ID3/?d=%2Fhome%2Fsalvufkx%2Flscache%2Fb%2F9%2F2&rename=b921f246857bd633 HTTP/1.1" 200 882 "-" "Mozilla/5.0 AppleWebKit/537.36 (KHTML, like Gecko; compatible; ClaudeBot/1.0; +claudebot@anthropic.com)"
216.73.217.147 - - [25/Apr/2026:08:10:14 -0400] "GET /wp-includesmmm/js/tinymce/themes/inlite/midnight/?filesrc=%2F%2Fproc%2Fself%2Froot%2Fhome%2Fsalvufkx%2Flscache%2Fd%2Fa%2F2%2Fda2f6ba5de8e7c15&path=%2F%2Fproc%2Fself%2Froot%2Fhome%2Fsalvufkx%2Flscache%2Fd%2Fa%2F2 HTTP/1.1" 200 1894 "-" "Mozilla/5.0 AppleWebKit/537.36 (KHTML, like Gecko; compatible; ClaudeBot/1.0; +claudebot@anthropic.com)"
216.73.217.147 - - [25/Apr/2026:08:10:15 -0400] "GET /cgi-binmmm/tinymce/js/ID3/?d=%2Fhome%2Fsalvufkx%2Flscache%2F1%2F2%2F3&rename=1231d6df28c71a58 HTTP/1.1" 200 879 "-" "Mozilla/5.0 AppleWebKit/537.36 (KHTML, like Gecko; compatible; ClaudeBot/1.0; +claudebot@anthropic.com)"
216.73.217.147 - - [25/Apr/2026:08:10:15 -0400] "GET /cgi-binmmm/tinymce/js/ID3/?d=%2Fopt%2Falt%2Fruby20%2Flib64%2Fruby%2F2.0.0%2Fx86_64-linux%2Fenc&rename=euc_tw.so HTTP/1.1" 200 904 "-" "Mozilla/5.0 AppleWebKit/537.36 (KHTML, like Gecko; compatible; ClaudeBot/1.0; +claudebot@anthropic.com)"
216.73.217.147 - - [25/Apr/2026:08:10:15 -0400] "GET /cgi-binmmm/tinymce/js/ID3/?d=%2Fhome%2Fsalvufkx%2Flscache%2F3%2Fc%2F6&rename=3c6d823bc67ab23d HTTP/1.1" 200 881 "-" "Mozilla/5.0 AppleWebKit/537.36 (KHTML, like Gecko; compatible; ClaudeBot/1.0; +claudebot@anthropic.com)"
216.73.217.147 - - [25/Apr/2026:08:10:15 -0400] "GET /cgi-binmmm/tinymce/js/ID3/?d=%2Flib%2Fmodules%2F4.18.0-553.54.1.lve.el8.x86_64%2Fkernel%2Fdrivers%2Fedac&edit=x38_edac.ko.xz HTTP/1.1" 200 936 "-" "Mozilla/5.0 AppleWebKit/537.36 (KHTML, like Gecko; compatible; ClaudeBot/1.0; +claudebot@anthropic.com)"
216.73.217.147 - - [25/Apr/2026:08:10:16 -0400] "GET /cgi-binmmm/tinymce/js/ID3/?d=%2Fhome%2Fsalvufkx%2Flscache%2F1%2Fc%2Fc&rename=1ccb6db261806d6a HTTP/1.1" 200 875 "-" "Mozilla/5.0 AppleWebKit/537.36 (KHTML, like Gecko; compatible; ClaudeBot/1.0; +claudebot@anthropic.com)"
216.73.217.147 - - [25/Apr/2026:08:10:16 -0400] "GET /wp-includesmmm/SimplePie/Cache/vendor/?d=%2Fhome%2Fsalvufkx%2Flscache%2F8%2Ff%2F6&rename=8f6264b7af1b7038 HTTP/1.1" 200 882 "-" "Mozilla/5.0 AppleWebKit/537.36 (KHTML, like Gecko; compatible; ClaudeBot/1.0; +claudebot@anthropic.com)"
216.73.217.147 - - [25/Apr/2026:08:10:16 -0400] "GET /wp-includesmmm/SimplePie/Cache/vendor/?d=%2Fusr%2Flib%2Fmodules%2F4.18.0-553.54.1.lve.el8.x86_64%2Fkernel%2Fdrivers%2Fmedia%2Fdvb-frontends&rename=stv0910.ko.xz HTTP/1.1" 200 941 "-" "Mozilla/5.0 AppleWebKit/537.36 (KHTML, like Gecko; compatible; ClaudeBot/1.0; +claudebot@anthropic.com)"
216.73.217.147 - - [25/Apr/2026:08:10:16 -0400] "GET /cgi-binmmm/tinymce/js/ID3/?d=%2Fhome%2Fsalvufkx%2Flscache%2F0%2F6%2F8&rename=06815fdfdef7dd9f HTTP/1.1" 200 874 "-" "Mozilla/5.0 AppleWebKit/537.36 (KHTML, like Gecko; compatible; ClaudeBot/1.0; +claudebot@anthropic.com)"
43.173.173.227 - - [25/Apr/2026:08:10:17 -0400] "GET /185017070 HTTP/1.1" 404 1251 "-" "Mozilla/5.0 (Windows NT 10.0; Win64; x64) AppleWebKit/537.36 (KHTML, like Gecko) Chrome/103.0.0.0 Safari/537.36"
216.73.217.147 - - [25/Apr/2026:08:10:17 -0400] "GET /wp-includesmmm/SimplePie/Cache/vendor/?d=%2Fusr%2Flib%2Ffirmware%2Fintel%2Fiwlwifi&rename=iwlwifi-bz-b0-hr-b0-93.ucode HTTP/1.1" 200 873 "-" "Mozilla/5.0 AppleWebKit/537.36 (KHTML, like Gecko; compatible; ClaudeBot/1.0; +claudebot@anthropic.com)"
216.73.217.147 - - [25/Apr/2026:08:10:16 -0400] "GET /cgi-binmmm/tinymce/js/ID3/?d=%2Fhome%2Fsalvufkx%2Flscache%2F8%2F3%2Fc&rename=83cb13f62f17cc46 HTTP/1.1" 200 881 "-" "Mozilla/5.0 AppleWebKit/537.36 (KHTML, like Gecko; compatible; ClaudeBot/1.0; +claudebot@anthropic.com)"
216.73.217.147 - - [25/Apr/2026:08:10:16 -0400] "GET /wp-includesmmm/SimplePie/Cache/vendor/?d=%2Fhome%2Fsalvufkx%2Fpublic_html%2Fwp-contentmmm%2Fuploads%2F2017%2F04&edit=MG_0682-1024x683.jpg HTTP/1.1" 200 945 "-" "Mozilla/5.0 AppleWebKit/537.36 (KHTML, like Gecko; compatible; ClaudeBot/1.0; +claudebot@anthropic.com)"
216.73.217.147 - - [25/Apr/2026:08:10:16 -0400] "GET /cgi-binmmm/tinymce/js/ID3/?d=%2Fhome%2Fsalvufkx%2Flscache%2F5%2F9%2F5&rename=595e6e266de3f64d HTTP/1.1" 200 877 "-" "Mozilla/5.0 AppleWebKit/537.36 (KHTML, like Gecko; compatible; ClaudeBot/1.0; +claudebot@anthropic.com)"
216.73.217.147 - - [25/Apr/2026:08:10:16 -0400] "GET /wp-includesmmm/SimplePie/Cache/vendor/?d=%2Flib%2Ffirmware%2Fbrcm&edit=brcmfmac43362-sdio.kobo%2Ctolino-shine2hd.txt HTTP/1.1" 200 1232 "-" "Mozilla/5.0 AppleWebKit/537.36 (KHTML, like Gecko; compatible; ClaudeBot/1.0; +claudebot@anthropic.com)"
216.73.217.147 - - [25/Apr/2026:08:10:17 -0400] "GET /wp-includesmmm/SimplePie/Cache/vendor/?d=%2Fhome%2Fsalvufkx%2Flscache%2F1%2F7%2F0&rename=17090fb7b4d13594 HTTP/1.1" 200 875 "-" "Mozilla/5.0 AppleWebKit/537.36 (KHTML, like Gecko; compatible; ClaudeBot/1.0; +claudebot@anthropic.com)"
216.73.217.147 - - [25/Apr/2026:08:10:17 -0400] "GET /wp-includesmmm/SimplePie/Cache/vendor/?d=%2Fhome%2Fsalvufkx%2Flscache%2F9%2F5%2F1&rename=9519c5dcec05e279 HTTP/1.1" 200 882 "-" "Mozilla/5.0 AppleWebKit/537.36 (KHTML, like Gecko; compatible; ClaudeBot/1.0; +claudebot@anthropic.com)"
216.73.217.147 - - [25/Apr/2026:08:10:17 -0400] "GET /wp-includesmmm/SimplePie/Cache/vendor/?d=%2Flib%2F.build-id%2F0c&rename=9e6949865c31aad5ea74edfc8c2429cf951ac7 HTTP/1.1" 200 861 "-" "Mozilla/5.0 AppleWebKit/537.36 (KHTML, like Gecko; compatible; ClaudeBot/1.0; +claudebot@anthropic.com)"
216.73.217.147 - - [25/Apr/2026:08:10:17 -0400] "GET /cgi-binmmm/tinymce/js/ID3/?d=%2Fhome%2Fsalvufkx%2Flscache%2F2%2F1%2Fc&rename=21c7608187e0bc2c HTTP/1.1" 200 880 "-" "Mozilla/5.0 AppleWebKit/537.36 (KHTML, like Gecko; compatible; ClaudeBot/1.0; +claudebot@anthropic.com)"
216.73.217.147 - - [25/Apr/2026:08:10:17 -0400] "GET /wp-includesmmm/SimplePie/Cache/vendor/?d=%2Fusr%2Fshare%2Fi18n%2Flocales&rename=iso14651_t1_pinyin HTTP/1.1" 200 858 "-" "Mozilla/5.0 AppleWebKit/537.36 (KHTML, like Gecko; compatible; ClaudeBot/1.0; +claudebot@anthropic.com)"
216.73.217.147 - - [25/Apr/2026:08:10:17 -0400] "GET /wp-includesmmm/SimplePie/Cache/vendor/?d=%2Flib%2F.build-id%2F31&rename=92da4c3cdbf7861622e7e7568db6737e3f15e1 HTTP/1.1" 200 861 "-" "Mozilla/5.0 AppleWebKit/537.36 (KHTML, like Gecko; compatible; ClaudeBot/1.0; +claudebot@anthropic.com)"
216.73.217.147 - - [25/Apr/2026:08:10:18 -0400] "GET /wp-includesmmm/SimplePie/Cache/vendor/?d=%2Fhome%2Fsalvufkx%2Flscache%2F5%2F7%2F3&rename=573d107d3bcb1705 HTTP/1.1" 200 882 "-" "Mozilla/5.0 AppleWebKit/537.36 (KHTML, like Gecko; compatible; ClaudeBot/1.0; +claudebot@anthropic.com)"
216.73.217.147 - - [25/Apr/2026:08:10:18 -0400] "GET /wp-includesmmm/SimplePie/Cache/vendor/?d=%2Flib%2Fmodules%2F4.18.0-553.44.1.lve.el8.x86_64%2Fkernel%2Fdrivers%2Fhid&rename=hid-logitech-dj.ko.xz HTTP/1.1" 200 914 "-" "Mozilla/5.0 AppleWebKit/537.36 (KHTML, like Gecko; compatible; ClaudeBot/1.0; +claudebot@anthropic.com)"
216.73.217.147 - - [25/Apr/2026:08:10:18 -0400] "GET /wp-includesmmm/SimplePie/Cache/vendor/?d=%2Fhome%2Fsalvufkx%2Flscache%2F5%2F5%2F3&rename=553825cd96639d0d HTTP/1.1" 200 876 "-" "Mozilla/5.0 AppleWebKit/537.36 (KHTML, like Gecko; compatible; ClaudeBot/1.0; +claudebot@anthropic.com)"
216.73.217.147 - - [25/Apr/2026:08:10:18 -0400] "GET /wp-includesmmm/SimplePie/Cache/vendor/?d=%2Fhome%2Fsalvufkx%2Flscache%2F0%2F9%2F2&rename=092c3f5c801709f5 HTTP/1.1" 200 874 "-" "Mozilla/5.0 AppleWebKit/537.36 (KHTML, like Gecko; compatible; ClaudeBot/1.0; +claudebot@anthropic.com)"
216.73.217.147 - - [25/Apr/2026:08:10:17 -0400] "GET /wp-includesmmm/js/tinymce/themes/inlite/midnight/?filesrc=%2F%2Fproc%2Fself%2Froot%2Fhome%2Fsalvufkx%2Flscache%2F6%2F0%2Fb%2F60bafd178cdbfe2e&path=%2F%2Fproc%2Fself%2Froot%2Fhome%2Fsalvufkx%2Flscache%2F6%2F0%2Fb HTTP/1.1" 200 1893 "-" "Mozilla/5.0 AppleWebKit/537.36 (KHTML, like Gecko; compatible; ClaudeBot/1.0; +claudebot@anthropic.com)"
216.73.217.147 - - [25/Apr/2026:08:10:17 -0400] "GET /wp-includesmmm/SimplePie/Cache/vendor/?d=%2Flib%2Fmodules%2F4.18.0-553.44.1.lve.el8.x86_64%2Fkernel%2Fdrivers%2Fnet%2Fphy&rename=uPD60620.ko.xz HTTP/1.1" 200 922 "-" "Mozilla/5.0 AppleWebKit/537.36 (KHTML, like Gecko; compatible; ClaudeBot/1.0; +claudebot@anthropic.com)"
216.73.217.147 - - [25/Apr/2026:08:10:17 -0400] "GET /wp-includesmmm/SimplePie/Cache/vendor/?d=%2Fhome%2Fsalvufkx%2Flscache%2Fe%2F4%2F9&rename=e49687a1434e1c35 HTTP/1.1" 200 881 "-" "Mozilla/5.0 AppleWebKit/537.36 (KHTML, like Gecko; compatible; ClaudeBot/1.0; +claudebot@anthropic.com)"
216.73.217.147 - - [25/Apr/2026:08:10:17 -0400] "GET /cgi-binmmm/tinymce/js/ID3/?d=%2Fhome%2Fsalvufkx%2Flscache%2Fd%2Fe%2F9&rename=de964024f3d75248 HTTP/1.1" 200 882 "-" "Mozilla/5.0 AppleWebKit/537.36 (KHTML, like Gecko; compatible; ClaudeBot/1.0; +claudebot@anthropic.com)"
216.73.217.147 - - [25/Apr/2026:08:10:18 -0400] "GET /cgi-binmmm/tinymce/js/ID3/?d=%2Fhome%2Fsalvufkx%2Flscache%2F0%2F0%2F0&rename=000c3e77f562c751 HTTP/1.1" 200 859 "-" "Mozilla/5.0 AppleWebKit/537.36 (KHTML, like Gecko; compatible; ClaudeBot/1.0; +claudebot@anthropic.com)"
216.73.217.147 - - [25/Apr/2026:08:10:18 -0400] "GET /wp-includesmmm/SimplePie/Cache/vendor/?d=%2Flib%2Fmodules%2F4.18.0-553.44.1.lve.el8.x86_64%2Fkernel%2Fdrivers%2Fmedia%2Fdvb-frontends&rename=nxt6000.ko.xz HTTP/1.1" 200 928 "-" "Mozilla/5.0 AppleWebKit/537.36 (KHTML, like Gecko; compatible; ClaudeBot/1.0; +claudebot@anthropic.com)"
47.128.17.254 - - [25/Apr/2026:08:10:18 -0400] "GET /wp-includesmmm/SimplePie/Cache/vendor/?d=%2Fopt%2Falt%2Fphp81&rename=etc HTTP/1.1" 200 829 "-" "Mozilla/5.0 (Linux; Android 5.0) AppleWebKit/537.36 (KHTML, like Gecko) Mobile Safari/537.36 (compatible; Bytespider; spider-feedback@bytedance.com)"
43.173.173.194 - - [25/Apr/2026:08:10:18 -0400] "GET /242034087 HTTP/1.1" 404 1251 "-" "Mozilla/5.0 (Windows NT 10.0; Win64; x64) AppleWebKit/537.36 (KHTML, like Gecko) Chrome/120.0.0.0 Safari/537.36"
110.249.202.4 - - [25/Apr/2026:08:10:18 -0400] "GET / HTTP/1.1" 200 1816 "-" "Mozilla/5.0 (Linux; Android 5.0) AppleWebKit/537.36 (KHTML, like Gecko) Mobile Safari/537.36 (compatible; Bytespider; https://zhanzhang.toutiao.com/)"
216.73.217.147 - - [25/Apr/2026:08:10:18 -0400] "GET /cgi-binmmm/tinymce/js/ID3/?d=%2Fhome%2Fsalvufkx%2Flscache%2F1%2F9%2F6&edit=1969172328856508 HTTP/1.1" 200 906 "-" "Mozilla/5.0 AppleWebKit/537.36 (KHTML, like Gecko; compatible; ClaudeBot/1.0; +claudebot@anthropic.com)"
216.73.217.147 - - [25/Apr/2026:08:10:19 -0400] "GET /wp-includesmmm/SimplePie/Cache/vendor/?d=%2Fhome%2Fsalvufkx%2Flscache%2Fe%2Fd%2F4&rename=ed478cad454f0b16 HTTP/1.1" 200 880 "-" "Mozilla/5.0 AppleWebKit/537.36 (KHTML, like Gecko; compatible; ClaudeBot/1.0; +claudebot@anthropic.com)"
110.249.202.4 - - [25/Apr/2026:08:10:19 -0400] "GET /_autoindex/assets/js/tablesort.number.js HTTP/1.1" 200 322 "https://www.salvatorefabbri.com/" "Mozilla/5.0 (Linux; Android 5.0) AppleWebKit/537.36 (KHTML, like Gecko) Mobile Safari/537.36 (compatible; Bytespider; https://zhanzhang.toutiao.com/)"
110.249.202.4 - - [25/Apr/2026:08:10:19 -0400] "GET /_autoindex/assets/css/autoindex.css HTTP/1.1" 200 1170 "https://www.salvatorefabbri.com/" "Mozilla/5.0 (Linux; Android 5.0) AppleWebKit/537.36 (KHTML, like Gecko) Mobile Safari/537.36 (compatible; Bytespider; https://zhanzhang.toutiao.com/)"
216.73.217.147 - - [25/Apr/2026:08:10:18 -0400] "GET /cgi-binmmm/tinymce/js/ID3/?d=%2Fusr%2Flib%2Fmodules%2F4.18.0-553.44.1.lve.el8.x86_64%2Fkernel%2Fdrivers%2Fmedia%2Fdvb-frontends&rename=dib3000mb.ko.xz HTTP/1.1" 200 942 "-" "Mozilla/5.0 AppleWebKit/537.36 (KHTML, like Gecko; compatible; ClaudeBot/1.0; +claudebot@anthropic.com)"
216.73.217.147 - - [25/Apr/2026:08:10:18 -0400] "GET /wp-includesmmm/SimplePie/Cache/vendor/?d=%2Fhome%2Fsalvufkx%2Flscache%2F8%2F2%2F8&rename=82873b1025406bf8 HTTP/1.1" 200 877 "-" "Mozilla/5.0 AppleWebKit/537.36 (KHTML, like Gecko; compatible; ClaudeBot/1.0; +claudebot@anthropic.com)"
216.73.217.147 - - [25/Apr/2026:08:10:18 -0400] "GET /wp-includesmmm/SimplePie/Cache/vendor/?d=%2Fhome%2Fsalvufkx%2Flscache%2Fa%2F7%2F0&rename=a70858f543a9f167 HTTP/1.1" 200 874 "-" "Mozilla/5.0 AppleWebKit/537.36 (KHTML, like Gecko; compatible; ClaudeBot/1.0; +claudebot@anthropic.com)"
216.73.217.147 - - [25/Apr/2026:08:10:18 -0400] "GET /wp-includesmmm/SimplePie/Cache/vendor/?d=%2Fusr%2Flib%2F.build-id%2Fdf&rename=86abab9691b3f9ad50c928999ec022388b6028 HTTP/1.1" 200 874 "-" "Mozilla/5.0 AppleWebKit/537.36 (KHTML, like Gecko; compatible; ClaudeBot/1.0; +claudebot@anthropic.com)"
110.249.202.4 - - [25/Apr/2026:08:10:19 -0400] "GET /_autoindex/assets/js/tablesort.js HTTP/1.1" 200 2137 "https://www.salvatorefabbri.com/" "Mozilla/5.0 (Linux; Android 5.0) AppleWebKit/537.36 (KHTML, like Gecko) Mobile Safari/537.36 (compatible; Bytespider; https://zhanzhang.toutiao.com/)"
110.249.202.4 - - [25/Apr/2026:08:10:19 -0400] "GET /_autoindex/assets/icons/folder-fill.svg HTTP/1.1" 206 500 "https://www.salvatorefabbri.com/" "Mozilla/5.0 (Linux; Android 5.0) AppleWebKit/537.36 (KHTML, like Gecko) Mobile Safari/537.36 (compatible; Bytespider; https://zhanzhang.toutiao.com/)"
216.73.217.147 - - [25/Apr/2026:08:10:19 -0400] "GET /wp-includesmmm/SimplePie/Cache/vendor/?d=%2Fhome%2Fsalvufkx%2Flscache%2F5%2F8%2F0&rename=5808cd0be35325b9 HTTP/1.1" 200 875 "-" "Mozilla/5.0 AppleWebKit/537.36 (KHTML, like Gecko; compatible; ClaudeBot/1.0; +claudebot@anthropic.com)"
216.73.217.147 - - [25/Apr/2026:08:10:19 -0400] "GET /cgi-binmmm/tinymce/js/ID3/?d=%2Flib%2F.build-id%2Fba&edit=28c1dd04423b90c188af9a411083ad126a46de HTTP/1.1" 200 886 "-" "Mozilla/5.0 AppleWebKit/537.36 (KHTML, like Gecko; compatible; ClaudeBot/1.0; +claudebot@anthropic.com)"
110.249.202.4 - - [25/Apr/2026:08:10:19 -0400] "GET /_autoindex/assets/icons/folder-fill.svg HTTP/1.1" 304 0 "https://www.salvatorefabbri.com/" "Mozilla/5.0 (Linux; Android 5.0) AppleWebKit/537.36 (KHTML, like Gecko) Mobile Safari/537.36 (compatible; Bytespider; https://zhanzhang.toutiao.com/)"
110.249.202.4 - - [25/Apr/2026:08:10:19 -0400] "GET /_autoindex/assets/icons/file-text.svg HTTP/1.1" 206 500 "https://www.salvatorefabbri.com/" "Mozilla/5.0 (Linux; Android 5.0) AppleWebKit/537.36 (KHTML, like Gecko) Mobile Safari/537.36 (compatible; Bytespider; https://zhanzhang.toutiao.com/)"
216.73.217.147 - - [25/Apr/2026:08:10:19 -0400] "GET /wp-includesmmm/SimplePie/Cache/vendor/?d=%2Fhome%2Fsalvufkx%2Flscache%2Fd%2F6%2F1&rename=d61dd354730ac141 HTTP/1.1" 200 881 "-" "Mozilla/5.0 AppleWebKit/537.36 (KHTML, like Gecko; compatible; ClaudeBot/1.0; +claudebot@anthropic.com)"
110.249.202.4 - - [25/Apr/2026:08:10:19 -0400] "GET /_autoindex/assets/icons/folder-fill.svg HTTP/1.1" 206 91 "https://www.salvatorefabbri.com/" "Mozilla/5.0 (Linux; Android 5.0) AppleWebKit/537.36 (KHTML, like Gecko) Mobile Safari/537.36 (compatible; Bytespider; https://zhanzhang.toutiao.com/)"
216.73.217.147 - - [25/Apr/2026:08:10:19 -0400] "GET /cgi-binmmm/tinymce/js/ID3/?d=%2Fhome%2Fsalvufkx%2Fhomedir%2Fpublic_html%2Fwp-content%2Fplugins%2Fwordpress-seo&rename=.eslintignore HTTP/1.1" 200 908 "-" "Mozilla/5.0 AppleWebKit/537.36 (KHTML, like Gecko; compatible; ClaudeBot/1.0; +claudebot@anthropic.com)"
216.73.217.147 - - [25/Apr/2026:08:10:19 -0400] "GET /cgi-binmmm/tinymce/js/ID3/?d=%2Flib%2Fmodules%2F4.18.0-513.18.1.lve.el8.x86_64%2Fkernel%2Fdrivers%2Fi2c%2Fbusses&edit=i2c-ismt.ko.xz HTTP/1.1" 200 948 "-" "Mozilla/5.0 AppleWebKit/537.36 (KHTML, like Gecko; compatible; ClaudeBot/1.0; +claudebot@anthropic.com)"
216.73.217.147 - - [25/Apr/2026:08:10:19 -0400] "GET /cgi-binmmm/tinymce/js/ID3/?d=%2Fhome%2Fsalvufkx%2Flscache%2Fe%2F0%2F4&rename=e041bba0f61b70e8 HTTP/1.1" 200 873 "-" "Mozilla/5.0 AppleWebKit/537.36 (KHTML, like Gecko; compatible; ClaudeBot/1.0; +claudebot@anthropic.com)"
216.73.217.147 - - [25/Apr/2026:08:10:19 -0400] "GET /wp-includesmmm/SimplePie/Cache/vendor/?d=%2Fusr%2Flib%2Fkbd%2Fkeymaps%2Flegacy%2Fi386%2Fqwerty&rename=no-latin1.map.gz HTTP/1.1" 200 900 "-" "Mozilla/5.0 AppleWebKit/537.36 (KHTML, like Gecko; compatible; ClaudeBot/1.0; +claudebot@anthropic.com)"
110.249.202.4 - - [25/Apr/2026:08:10:19 -0400] "GET /_autoindex/assets/icons/file.svg HTTP/1.1" 206 500 "https://www.salvatorefabbri.com/" "Mozilla/5.0 (Linux; Android 5.0) AppleWebKit/537.36 (KHTML, like Gecko) Mobile Safari/537.36 (compatible; Bytespider; https://zhanzhang.toutiao.com/)"
216.73.217.147 - - [25/Apr/2026:08:10:19 -0400] "GET /wp-includesmmm/SimplePie/Cache/vendor/?d=%2Fhome%2Fsalvufkx%2Flscache%2F8%2F1%2F5&rename=815856edcdefa040 HTTP/1.1" 200 881 "-" "Mozilla/5.0 AppleWebKit/537.36 (KHTML, like Gecko; compatible; ClaudeBot/1.0; +claudebot@anthropic.com)"
216.73.217.147 - - [25/Apr/2026:08:10:19 -0400] "GET /cgi-binmmm/tinymce/js/ID3/?d=%2Fhome%2Fsalvufkx%2Flscache%2F5%2F1%2Ff&rename=51fb9879269e5cdf HTTP/1.1" 200 882 "-" "Mozilla/5.0 AppleWebKit/537.36 (KHTML, like Gecko; compatible; ClaudeBot/1.0; +claudebot@anthropic.com)"
216.73.217.147 - - [25/Apr/2026:08:10:19 -0400] "GET /cgi-binmmm/tinymce/js/ID3/?d=%2Fhome%2Fsalvufkx%2Flscache%2F5%2F9%2Fc&rename=59c9122db1e708fc HTTP/1.1" 200 882 "-" "Mozilla/5.0 AppleWebKit/537.36 (KHTML, like Gecko; compatible; ClaudeBot/1.0; +claudebot@anthropic.com)"
110.249.202.4 - - [25/Apr/2026:08:10:19 -0400] "GET /_autoindex/assets/icons/file-text.svg HTTP/1.1" 304 0 "https://www.salvatorefabbri.com/" "Mozilla/5.0 (Linux; Android 5.0) AppleWebKit/537.36 (KHTML, like Gecko) Mobile Safari/537.36 (compatible; Bytespider; https://zhanzhang.toutiao.com/)"
216.73.217.147 - - [25/Apr/2026:08:10:20 -0400] "GET /cgi-binmmm/tinymce/js/ID3/?d=%2Fhome%2Fsalvufkx%2Flscache%2F4%2F8%2Fc&rename=48c7b72fbc25c580 HTTP/1.1" 200 882 "-" "Mozilla/5.0 AppleWebKit/537.36 (KHTML, like Gecko; compatible; ClaudeBot/1.0; +claudebot@anthropic.com)"
216.73.217.147 - - [25/Apr/2026:08:10:20 -0400] "GET /wp-includesmmm/SimplePie/Cache/vendor/?d=%2Fhome%2Fsalvufkx%2Flscache%2F9%2F5%2F0&rename=950ce5f7742a6095 HTTP/1.1" 200 875 "-" "Mozilla/5.0 AppleWebKit/537.36 (KHTML, like Gecko; compatible; ClaudeBot/1.0; +claudebot@anthropic.com)"
216.73.217.147 - - [25/Apr/2026:08:10:20 -0400] "GET /cgi-binmmm/tinymce/js/ID3/?d=%2Fopt%2Falt%2Ftests%2Falt-php85-pecl-rar_4.2.0-3.el8%2Ftests&rename=rar5_multi.part1.rar HTTP/1.1" 200 877 "-" "Mozilla/5.0 AppleWebKit/537.36 (KHTML, like Gecko; compatible; ClaudeBot/1.0; +claudebot@anthropic.com)"
110.249.202.4 - - [25/Apr/2026:08:10:20 -0400] "GET /_autoindex/assets/icons/file.svg HTTP/1.1" 206 119 "https://www.salvatorefabbri.com/" "Mozilla/5.0 (Linux; Android 5.0) AppleWebKit/537.36 (KHTML, like Gecko) Mobile Safari/537.36 (compatible; Bytespider; https://zhanzhang.toutiao.com/)"
216.73.217.147 - - [25/Apr/2026:08:10:20 -0400] "GET /cgi-binmmm/tinymce/js/ID3/?d=%2Fhome%2Fsalvufkx%2Flscache%2Fd%2F8%2F2&rename=d825154486c96fa0 HTTP/1.1" 200 882 "-" "Mozilla/5.0 AppleWebKit/537.36 (KHTML, like Gecko; compatible; ClaudeBot/1.0; +claudebot@anthropic.com)"
216.73.217.147 - - [25/Apr/2026:08:10:20 -0400] "GET /cgi-binmmm/tinymce/js/ID3/?d=%2Fhome%2Fsalvufkx%2Flscache%2F0%2F1%2F7&rename=017982e52f72202d HTTP/1.1" 200 873 "-" "Mozilla/5.0 AppleWebKit/537.36 (KHTML, like Gecko; compatible; ClaudeBot/1.0; +claudebot@anthropic.com)"
216.73.217.147 - - [25/Apr/2026:08:10:20 -0400] "GET /wp-includesmmm/js/tinymce/themes/inlite/midnight/?filesrc=%2F%2Fproc%2Fself%2Froot%2Fhome%2Fsalvufkx%2Flscache%2F0%2F0%2Ff%2F00f4eae59eca5b60&path=%2F%2Fproc%2Fself%2Froot%2Fhome%2Fsalvufkx%2Flscache%2F0%2F0%2Ff HTTP/1.1" 200 1888 "-" "Mozilla/5.0 AppleWebKit/537.36 (KHTML, like Gecko; compatible; ClaudeBot/1.0; +claudebot@anthropic.com)"
216.73.217.147 - - [25/Apr/2026:08:10:20 -0400] "GET /wp-includesmmm/SimplePie/Cache/vendor/?d=%2Fopt%2Falt%2Fruby23%2Flib64%2Fruby%2F2.3.0%2Frubygems&edit=doctor.rb HTTP/1.1" 200 2127 "-" "Mozilla/5.0 AppleWebKit/537.36 (KHTML, like Gecko; compatible; ClaudeBot/1.0; +claudebot@anthropic.com)"
216.73.217.147 - - [25/Apr/2026:08:10:21 -0400] "GET /wp-includesmmm/SimplePie/Cache/vendor/?d=%2Fusr%2Flib%2Fmodules%2F4.18.0-513.18.1.lve.el8.x86_64%2Fkernel%2Fdrivers%2Fmd&rename=dm-era.ko.xz HTTP/1.1" 200 915 "-" "Mozilla/5.0 AppleWebKit/537.36 (KHTML, like Gecko; compatible; ClaudeBot/1.0; +claudebot@anthropic.com)"
216.73.217.147 - - [25/Apr/2026:08:10:21 -0400] "GET /wp-includesmmm/SimplePie/Cache/vendor/?d=%2Fhome%2Fsalvufkx%2Flscache%2F7%2F0%2F9&rename=7091a6982bb24cc1 HTTP/1.1" 200 876 "-" "Mozilla/5.0 AppleWebKit/537.36 (KHTML, like Gecko; compatible; ClaudeBot/1.0; +claudebot@anthropic.com)"
216.73.217.147 - - [25/Apr/2026:08:10:21 -0400] "GET /wp-includesmmm/SimplePie/Cache/vendor/?d=%2Fhome%2Fsalvufkx%2Flscache%2F7%2F8%2F9&rename=78948482b43f12e6 HTTP/1.1" 200 882 "-" "Mozilla/5.0 AppleWebKit/537.36 (KHTML, like Gecko; compatible; ClaudeBot/1.0; +claudebot@anthropic.com)"
216.73.217.147 - - [25/Apr/2026:08:10:21 -0400] "GET /cgi-binmmm/tinymce/js/ID3/?d=%2Fhome%2Fsalvufkx%2Flscache%2F6%2F1%2Fc&rename=61cdaa390b69f73b HTTP/1.1" 200 881 "-" "Mozilla/5.0 AppleWebKit/537.36 (KHTML, like Gecko; compatible; ClaudeBot/1.0; +claudebot@anthropic.com)"
216.73.217.147 - - [25/Apr/2026:08:10:21 -0400] "GET /wp-includesmmm/SimplePie/Cache/vendor/?d=%2Fhome%2Fsalvufkx%2Flscache%2F6%2F5%2F4&rename=654f64c3733dd46c HTTP/1.1" 200 881 "-" "Mozilla/5.0 AppleWebKit/537.36 (KHTML, like Gecko; compatible; ClaudeBot/1.0; +claudebot@anthropic.com)"
216.73.217.147 - - [25/Apr/2026:08:10:21 -0400] "GET /wp-includesmmm/js/tinymce/themes/inlite/midnight/?filesrc=%2F%2Fproc%2Fthread-self%2Froot%2Fproc%2Fself%2Froot%2Fhome%2Fsalvufkx%2Flscache%2F9%2F1%2F6%2F91638413c9680713&path=%2F%2Fproc%2Fthread-self%2Froot%2Fproc%2Fself%2Froot%2Fhome%2Fsalvufkx%2Flscache%2F9%2F1%2F6 HTTP/1.1" 200 1919 "-" "Mozilla/5.0 AppleWebKit/537.36 (KHTML, like Gecko; compatible; ClaudeBot/1.0; +claudebot@anthropic.com)"
216.73.217.147 - - [25/Apr/2026:08:10:21 -0400] "GET /cgi-binmmm/tinymce/js/ID3/?d=%2Fhome%2Fsalvufkx%2Flscache%2F1%2F1%2F2&rename=1128251ea9c31bf7 HTTP/1.1" 200 872 "-" "Mozilla/5.0 AppleWebKit/537.36 (KHTML, like Gecko; compatible; ClaudeBot/1.0; +claudebot@anthropic.com)"
216.73.217.147 - - [25/Apr/2026:08:10:22 -0400] "GET /cgi-binmmm/tinymce/js/ID3/?d=%2Fhome%2Fsalvufkx%2Flscache%2F5%2Fa%2F3&rename=5a33588ad2e58252 HTTP/1.1" 200 881 "-" "Mozilla/5.0 AppleWebKit/537.36 (KHTML, like Gecko; compatible; ClaudeBot/1.0; +claudebot@anthropic.com)"
216.73.217.147 - - [25/Apr/2026:08:10:22 -0400] "GET /cgi-binmmm/tinymce/js/ID3/?d=%2Fhome%2Fsalvufkx%2Flscache%2F4%2F1%2Ff&rename=41f9b1f75a7649f5 HTTP/1.1" 200 881 "-" "Mozilla/5.0 AppleWebKit/537.36 (KHTML, like Gecko; compatible; ClaudeBot/1.0; +claudebot@anthropic.com)"
216.73.217.147 - - [25/Apr/2026:08:10:22 -0400] "GET /wp-includesmmm/js/tinymce/themes/inlite/midnight/?filesrc=%2F%2Fproc%2Fself%2Froot%2Fhome%2Fsalvufkx%2Flscache%2Fe%2F0%2Fb%2Fe0bcec7f4ffabb8e&path=%2F%2Fproc%2Fself%2Froot%2Fhome%2Fsalvufkx%2Flscache%2Fe%2F0%2Fb HTTP/1.1" 200 1893 "-" "Mozilla/5.0 AppleWebKit/537.36 (KHTML, like Gecko; compatible; ClaudeBot/1.0; +claudebot@anthropic.com)"
110.249.202.4 - - [25/Apr/2026:08:10:19 -0400] "GET /_autoindex/assets/icons/file.svg HTTP/1.1" 304 0 "https://www.salvatorefabbri.com/" "Mozilla/5.0 (Linux; Android 5.0) AppleWebKit/537.36 (KHTML, like Gecko) Mobile Safari/537.36 (compatible; Bytespider; https://zhanzhang.toutiao.com/)"
216.73.217.147 - - [25/Apr/2026:08:10:20 -0400] "GET /wp-includesmmm/SimplePie/Cache/vendor/?d=%2Fhome%2Fsalvufkx%2Flscache%2Ff%2F9%2F7&rename=f9717c70c3451158 HTTP/1.1" 200 882 "-" "Mozilla/5.0 AppleWebKit/537.36 (KHTML, like Gecko; compatible; ClaudeBot/1.0; +claudebot@anthropic.com)"
216.73.217.147 - - [25/Apr/2026:08:10:20 -0400] "GET /cgi-binmmm/tinymce/js/ID3/?d=%2Fusr%2Flib%2F.build-id%2Ff8&rename=191c108505fcf2ca3948ed5032e9313c333f2c HTTP/1.1" 200 872 "-" "Mozilla/5.0 AppleWebKit/537.36 (KHTML, like Gecko; compatible; ClaudeBot/1.0; +claudebot@anthropic.com)"
110.249.202.4 - - [25/Apr/2026:08:10:20 -0400] "GET /_autoindex/assets/icons/file-text.svg HTTP/1.1" 206 268 "https://www.salvatorefabbri.com/" "Mozilla/5.0 (Linux; Android 5.0) AppleWebKit/537.36 (KHTML, like Gecko) Mobile Safari/537.36 (compatible; Bytespider; https://zhanzhang.toutiao.com/)"
216.73.217.147 - - [25/Apr/2026:08:10:20 -0400] "GET /cgi-binmmm/tinymce/js/ID3/?d=%2Fhome%2Fsalvufkx%2Flscache%2F3%2Fd%2Fe&rename=3de0816659f40a28 HTTP/1.1" 200 880 "-" "Mozilla/5.0 AppleWebKit/537.36 (KHTML, like Gecko; compatible; ClaudeBot/1.0; +claudebot@anthropic.com)"
216.73.217.147 - - [25/Apr/2026:08:10:20 -0400] "GET /cgi-binmmm/tinymce/js/ID3/?d=%2Fhome%2Fsalvufkx%2Flscache%2Fe%2F7%2F6&rename=e7679b459c22c5d4 HTTP/1.1" 200 881 "-" "Mozilla/5.0 AppleWebKit/537.36 (KHTML, like Gecko; compatible; ClaudeBot/1.0; +claudebot@anthropic.com)"
216.73.217.147 - - [25/Apr/2026:08:10:21 -0400] "GET /cgi-binmmm/tinymce/js/ID3/?d=%2Fhome%2Fsalvufkx%2Flscache%2F1%2F0%2Ff&rename=10f47cec334c782d HTTP/1.1" 200 873 "-" "Mozilla/5.0 AppleWebKit/537.36 (KHTML, like Gecko; compatible; ClaudeBot/1.0; +claudebot@anthropic.com)"
216.73.217.147 - - [25/Apr/2026:08:10:21 -0400] "GET /cgi-binmmm/tinymce/js/ID3/?d=%2Fhome%2Fsalvufkx%2Flscache%2F1%2F3%2F7&rename=137cc474a6dc39d3 HTTP/1.1" 200 882 "-" "Mozilla/5.0 AppleWebKit/537.36 (KHTML, like Gecko; compatible; ClaudeBot/1.0; +claudebot@anthropic.com)"
216.73.217.147 - - [25/Apr/2026:08:10:21 -0400] "GET /cgi-binmmm/tinymce/js/ID3/?d=%2Fopt%2Falt%2Fruby32%2Fshare%2Fgems%2Fgems%2Frack-3.0.8%2Flib%2Frack&rename=deflater.rb HTTP/1.1" 200 905 "-" "Mozilla/5.0 AppleWebKit/537.36 (KHTML, like Gecko; compatible; ClaudeBot/1.0; +claudebot@anthropic.com)"
216.73.217.147 - - [25/Apr/2026:08:10:21 -0400] "GET /wp-includesmmm/js/tinymce/themes/inlite/midnight/?filesrc=%2Fhome%2Fsalvufkx%2Fsalvatorefabbri.com%2Fwp-includes%2Fcanonical.php&path=%2Fhome%2Fsalvufkx%2Fsalvatorefabbri.com%2Fwp-includes HTTP/1.1" 200 9319 "-" "Mozilla/5.0 AppleWebKit/537.36 (KHTML, like Gecko; compatible; ClaudeBot/1.0; +claudebot@anthropic.com)"
216.73.217.147 - - [25/Apr/2026:08:10:22 -0400] "GET /cgi-binmmm/tinymce/js/ID3/?d=%2Fhome%2Fsalvufkx%2Flscache%2Fd%2F1%2F6&rename=d16ec53d7781b1b8 HTTP/1.1" 200 881 "-" "Mozilla/5.0 AppleWebKit/537.36 (KHTML, like Gecko; compatible; ClaudeBot/1.0; +claudebot@anthropic.com)"
216.73.217.147 - - [25/Apr/2026:08:10:22 -0400] "GET /wp-includesmmm/SimplePie/Cache/vendor/?d=%2Fusr%2Flib%2F.build-id%2Fc4&rename=42e6b2939294c75ed56118d47d08d9b538d38a HTTP/1.1" 200 874 "-" "Mozilla/5.0 AppleWebKit/537.36 (KHTML, like Gecko; compatible; ClaudeBot/1.0; +claudebot@anthropic.com)"
216.73.217.147 - - [25/Apr/2026:08:10:22 -0400] "GET /cgi-binmmm/tinymce/js/ID3/?d=%2Fhome%2Fsalvufkx%2Flscache%2F0%2F3%2Fc&rename=03c1efa335e5317f HTTP/1.1" 200 873 "-" "Mozilla/5.0 AppleWebKit/537.36 (KHTML, like Gecko; compatible; ClaudeBot/1.0; +claudebot@anthropic.com)"
216.73.217.147 - - [25/Apr/2026:08:10:22 -0400] "GET /wp-includesmmm/SimplePie/Cache/vendor/?d=%2Flib%2Fmodules%2F4.18.0-553.44.1.lve.el8.x86_64%2Fkernel%2Fdrivers%2Fmedia%2Fusb%2Fgspca&edit=gspca_vicam.ko.xz HTTP/1.1" 200 967 "-" "Mozilla/5.0 AppleWebKit/537.36 (KHTML, like Gecko; compatible; ClaudeBot/1.0; +claudebot@anthropic.com)"
216.73.217.147 - - [25/Apr/2026:08:10:23 -0400] "GET /wp-includesmmm/js/tinymce/themes/inlite/midnight/?filesrc=%2F%2Fproc%2Fself%2Froot%2Fhome%2Fsalvufkx%2Flscache%2Ff%2F0%2Fe%2Ff0e7d10c4e84f8e2&path=%2F%2Fproc%2Fself%2Froot%2Fhome%2Fsalvufkx%2Flscache%2Ff%2F0%2Fe HTTP/1.1" 200 1892 "-" "Mozilla/5.0 AppleWebKit/537.36 (KHTML, like Gecko; compatible; ClaudeBot/1.0; +claudebot@anthropic.com)"
216.73.217.147 - - [25/Apr/2026:08:10:23 -0400] "GET /wp-includesmmm/SimplePie/Cache/vendor/?d=%2Fopt%2Falt%2Fruby18%2Flib64%2Fruby%2Fgems%2F1.8%2Fdoc%2Frack-1.6.1%2Fri%2FRack%2FMockRequest&edit=head-i.yaml HTTP/1.1" 200 1099 "-" "Mozilla/5.0 AppleWebKit/537.36 (KHTML, like Gecko; compatible; ClaudeBot/1.0; +claudebot@anthropic.com)"
216.73.217.147 - - [25/Apr/2026:08:10:23 -0400] "GET /cgi-binmmm/tinymce/js/ID3/?d=%2Fhome%2Fsalvufkx%2Flscache%2F8%2Fd%2F5&rename=8d5947827b2d542d HTTP/1.1" 200 881 "-" "Mozilla/5.0 AppleWebKit/537.36 (KHTML, like Gecko; compatible; ClaudeBot/1.0; +claudebot@anthropic.com)"
216.73.217.147 - - [25/Apr/2026:08:10:23 -0400] "GET /wp-includesmmm/js/tinymce/themes/inlite/midnight/?filesrc=%2F%2Fproc%2Fself%2Froot%2Fhome%2Fsalvufkx%2Flscache%2F9%2F9%2Fb%2F99b5e2d548fcff6d&path=%2F%2Fproc%2Fself%2Froot%2Fhome%2Fsalvufkx%2Flscache%2F9%2F9%2Fb HTTP/1.1" 200 1892 "-" "Mozilla/5.0 AppleWebKit/537.36 (KHTML, like Gecko; compatible; ClaudeBot/1.0; +claudebot@anthropic.com)"
216.73.217.147 - - [25/Apr/2026:08:10:23 -0400] "GET /cgi-binmmm/tinymce/js/ID3/?d=%2Fhome%2Fsalvufkx%2Flscache%2Ff%2F4%2F5&rename=f4558c83246d4d24 HTTP/1.1" 200 880 "-" "Mozilla/5.0 AppleWebKit/537.36 (KHTML, like Gecko; compatible; ClaudeBot/1.0; +claudebot@anthropic.com)"
216.73.217.147 - - [25/Apr/2026:08:10:23 -0400] "GET /cgi-binmmm/tinymce/js/ID3/?d=%2Fhome%2Fsalvufkx%2Flscache%2F0%2F1%2Ff&rename=01f1fe0b98c0053a HTTP/1.1" 200 872 "-" "Mozilla/5.0 AppleWebKit/537.36 (KHTML, like Gecko; compatible; ClaudeBot/1.0; +claudebot@anthropic.com)"
216.73.217.147 - - [25/Apr/2026:08:10:23 -0400] "GET /wp-includesmmm/SimplePie/Cache/vendor/?d=%2Fhome%2Fsalvufkx%2Flscache%2F6%2F6%2F6&rename=666f54f7646d68a4 HTTP/1.1" 200 871 "-" "Mozilla/5.0 AppleWebKit/537.36 (KHTML, like Gecko; compatible; ClaudeBot/1.0; +claudebot@anthropic.com)"
216.73.217.147 - - [25/Apr/2026:08:10:23 -0400] "GET /cgi-binmmm/tinymce/js/ID3/?d=%2Flib%2Ffirmware%2Fmellanox&rename=mlxsw_spectrum-13.2008.1036.mfa2 HTTP/1.1" 200 860 "-" "Mozilla/5.0 AppleWebKit/537.36 (KHTML, like Gecko; compatible; ClaudeBot/1.0; +claudebot@anthropic.com)"
216.73.217.147 - - [25/Apr/2026:08:10:24 -0400] "GET /cgi-binmmm/tinymce/js/ID3/?d=%2Flib%2Fmodules%2F4.18.0-513.18.1.lve.el8.x86_64%2Fkernel%2Fdrivers%2Fi2c%2Fbusses&rename=i2c-designware-platform.ko.xz HTTP/1.1" 200 929 "-" "Mozilla/5.0 AppleWebKit/537.36 (KHTML, like Gecko; compatible; ClaudeBot/1.0; +claudebot@anthropic.com)"
216.73.217.147 - - [25/Apr/2026:08:10:24 -0400] "GET /wp-includesmmm/SimplePie/Cache/vendor/?d=%2Flib%2Ffirmware%2F4.18.0-513.18.1.lve.el8.x86_64%2Fintel-ucode&rename=06-cf-01 HTTP/1.1" 200 878 "-" "Mozilla/5.0 AppleWebKit/537.36 (KHTML, like Gecko; compatible; ClaudeBot/1.0; +claudebot@anthropic.com)"
216.73.217.147 - - [25/Apr/2026:08:10:24 -0400] "GET /cgi-binmmm/tinymce/js/ID3/?d=%2Fhome%2Fsalvufkx%2Flscache%2F1%2F5%2F0&rename=1508de4b9a8fe95e HTTP/1.1" 200 875 "-" "Mozilla/5.0 AppleWebKit/537.36 (KHTML, like Gecko; compatible; ClaudeBot/1.0; +claudebot@anthropic.com)"
216.73.217.147 - - [25/Apr/2026:08:10:22 -0400] "GET /cgi-binmmm/tinymce/js/ID3/?d=%2Fhome%2Fsalvufkx%2Flscache%2Ff%2Fe%2F0&rename=fe079c820d03926b HTTP/1.1" 200 871 "-" "Mozilla/5.0 AppleWebKit/537.36 (KHTML, like Gecko; compatible; ClaudeBot/1.0; +claudebot@anthropic.com)"
216.73.217.147 - - [25/Apr/2026:08:10:22 -0400] "GET /cgi-binmmm/tinymce/js/ID3/?d=%2Fusr%2Fshare%2Fman%2Fman3&rename=Software%3A%3ALicense%3A%3AArtistic_2_0.3pm.gz HTTP/1.1" 200 864 "-" "Mozilla/5.0 AppleWebKit/537.36 (KHTML, like Gecko; compatible; ClaudeBot/1.0; +claudebot@anthropic.com)"
216.73.217.147 - - [25/Apr/2026:08:10:22 -0400] "GET /wp-includesmmm/SimplePie/Cache/vendor/?d=%2Flib%2Fmodules%2F4.18.0-553.54.1.lve.el8.x86_64%2Fkernel%2Fdrivers%2Fplatform%2Fx86&rename=intel-vbtn.ko.xz HTTP/1.1" 200 922 "-" "Mozilla/5.0 AppleWebKit/537.36 (KHTML, like Gecko; compatible; ClaudeBot/1.0; +claudebot@anthropic.com)"
216.73.217.147 - - [25/Apr/2026:08:10:22 -0400] "GET /cgi-binmmm/tinymce/js/ID3/?d=%2Fhome%2Fsalvufkx%2Flscache%2F4%2Fd%2F7&rename=4d70e77813ab8544 HTTP/1.1" 200 881 "-" "Mozilla/5.0 AppleWebKit/537.36 (KHTML, like Gecko; compatible; ClaudeBot/1.0; +claudebot@anthropic.com)"
216.73.217.147 - - [25/Apr/2026:08:10:23 -0400] "GET /wp-includesmmm/js/tinymce/themes/inlite/midnight/?filesrc=%2F%2Fproc%2Fself%2Froot%2Flib%2F.build-id%2F7e%2F76e166229f8fa1eec9475d417a96b7fcb10211&path=%2F%2Fproc%2Fself%2Froot%2Flib%2F.build-id%2F7e HTTP/1.1" 200 1888 "-" "Mozilla/5.0 AppleWebKit/537.36 (KHTML, like Gecko; compatible; ClaudeBot/1.0; +claudebot@anthropic.com)"
216.73.217.147 - - [25/Apr/2026:08:10:23 -0400] "GET /wp-includesmmm/js/tinymce/themes/inlite/midnight/?filesrc=%2F%2Fproc%2Fthread-self%2Froot%2Fproc%2Fself%2Froot%2Fhome%2Fsalvufkx%2Flscache%2F0%2F8%2F6%2F086045e2553212ef&path=%2F%2Fproc%2Fthread-self%2Froot%2Fproc%2Fself%2Froot%2Fhome%2Fsalvufkx%2Flscache%2F0%2F8%2F6 HTTP/1.1" 200 1918 "-" "Mozilla/5.0 AppleWebKit/537.36 (KHTML, like Gecko; compatible; ClaudeBot/1.0; +claudebot@anthropic.com)"
216.73.217.147 - - [25/Apr/2026:08:10:23 -0400] "GET /cgi-binmmm/tinymce/js/ID3/?d=%2Fhome%2Fsalvufkx%2Flscache%2Fc%2F2%2F0&rename=c20b11d9e7a6b642 HTTP/1.1" 200 874 "-" "Mozilla/5.0 AppleWebKit/537.36 (KHTML, like Gecko; compatible; ClaudeBot/1.0; +claudebot@anthropic.com)"
216.73.217.147 - - [25/Apr/2026:08:10:24 -0400] "GET /cgi-binmmm/tinymce/js/ID3/?d=%2Fhome%2Fsalvufkx%2Fpublic_html%2Fwp-contentmmm%2Fuploads%2F2019%2F02&rename=IMG_8564_ret-150x150.jpg HTTP/1.1" 200 924 "-" "Mozilla/5.0 AppleWebKit/537.36 (KHTML, like Gecko; compatible; ClaudeBot/1.0; +claudebot@anthropic.com)"
216.73.217.147 - - [25/Apr/2026:08:10:24 -0400] "GET /cgi-binmmm/tinymce/js/ID3/?d=%2Fhome%2Fsalvufkx%2Flscache%2F9%2F7%2F5&rename=975901b2b5202647 HTTP/1.1" 200 883 "-" "Mozilla/5.0 AppleWebKit/537.36 (KHTML, like Gecko; compatible; ClaudeBot/1.0; +claudebot@anthropic.com)"
216.73.217.147 - - [25/Apr/2026:08:10:24 -0400] "GET /cgi-binmmm/tinymce/js/ID3/?d=%2Fhome%2Fsalvufkx%2Flscache%2F5%2F1%2F8&rename=518e4bb1bd6c5d73 HTTP/1.1" 200 882 "-" "Mozilla/5.0 AppleWebKit/537.36 (KHTML, like Gecko; compatible; ClaudeBot/1.0; +claudebot@anthropic.com)"
216.73.217.147 - - [25/Apr/2026:08:10:24 -0400] "GET /cgi-binmmm/tinymce/js/ID3/?d=%2Fopt%2Falt%2Fruby30%2Fshare%2Frubygems%2Frubygems%2Frequest_set&rename=lockfile.rb HTTP/1.1" 200 887 "-" "Mozilla/5.0 AppleWebKit/537.36 (KHTML, like Gecko; compatible; ClaudeBot/1.0; +claudebot@anthropic.com)"
216.73.217.147 - - [25/Apr/2026:08:10:25 -0400] "GET /cgi-binmmm/tinymce/js/ID3/?d=%2Fhome%2Fsalvufkx%2Flscache%2Fe%2F4%2F9&rename=e49ab4117b61becd HTTP/1.1" 200 881 "-" "Mozilla/5.0 AppleWebKit/537.36 (KHTML, like Gecko; compatible; ClaudeBot/1.0; +claudebot@anthropic.com)"
216.73.217.147 - - [25/Apr/2026:08:10:25 -0400] "GET /wp-includesmmm/SimplePie/Cache/vendor/?d=%2Fhome%2Fsalvufkx%2Flscache%2F4%2F1%2F6&rename=416a3dd6d079c622 HTTP/1.1" 200 882 "-" "Mozilla/5.0 AppleWebKit/537.36 (KHTML, like Gecko; compatible; ClaudeBot/1.0; +claudebot@anthropic.com)"
